What is the value of -3 + 15 + -8 + (2 - 0)?
6
What is 4 - (0 + -4 - -10)?
-2
7 - (2 + 4 + -8 + 2)
7
What is the value of (-3 - -5) + -11 - -5?
-4
Calculate 2 - 8 - (2 + -5) - -6.
3
What is the value of 0 + -2 - (6 + (19 - 24))?
-3
7 - (-10 - (9 - 26))
0
3 + -8 + 0 + 0 + 0
-5
What is 3 + (5 - 9) + 3?
2
Calculate 5 + (0 - ((20 - 5) + -4)).
-6
What is the value of (-1 - -10) + (2 - 6)?
5
Evaluate -4 - (6 + 6 + 2 + -24).
6
What is the value of (2 - (5 + -7)) + -5 - 1?
-2
What is 0 + -3 + 0 - (-27 - -24)?
0
(-8 - -8 - (-2 - -2)) + -7
-7
Evaluate -3 - (-1 - (-2 + -2 + 3)).
-3
What is the value of 0 + (-2 - 0) + 4?
2
What is (-3 - 4) + 7 + -11?
-11
2 + 5 + -4 - 2
1
Evaluate 0 - 7 - (5 + -9 + -1).
-2
What is the value of 29 + -30 + (2 - (1 - 2))?
2
10 - 8 - (3 - (-1 + 0))
-2
Evaluate -1 - (-12 - -3) - 13.
-5
Calculate -3 + 5 + 1 + -2.
1
What is the value of 34 + -30 - (-1 + (-3 - -3))?
5
Calculate (3 - 0) + (-22 - -20).
1
Evaluate 0 - (5 + -1 + 1) - -2.
-3
Calculate 3 + 0 + -2 + -1.
0
6 - 2 - (14 + -6)
-4
-7 + 2 + -4 + 4 + 3
-2
Calculate -4 + (3 - -4 - (3 + 0)).
0
What is -5 - (-1 + 2) - (19 + -24)?
-1
What is (-4 + 13 - 23) + 8?
-6
Evaluate -1 - (3 + -1 - 0).
-3
What is (-7 - 2) + 3 + 11?
5
(-4 + 0 - 4) + 3
-5
-2 + (-2 + 8 - (-3 - -8))
-1
Evaluate -3 - (-5 + 7 + 0).
-5
(-2 - (-1 - 0)) + 2 + -4
-3
1 + (1 - 4 - -4)
2
(8 - 11) + (1 - -3)
1
Evaluate -2 + 2 - (3 + -5).
2
Evaluate 20 - 18 - (-8 + 3).
7
Calculate -1 + -4 + 2 + (4 - 3).
-2
Calculate -1 + 2 - (-6 + (5 - -6)).
-4
Evaluate (3 - -5) + 0 + -3.
5
Calculate (0 - (4 - -1)) + 2.
-3
What is the value of 1 + -11 - (5 + -5 - 4)?
-6
What is 1 + (-4 - (0 + -4))?
1
What is the value of -8 - (-7 + -2 - 4)?
5
-3 + 3 + 2 - -3
5
Evaluate 5 - (-2 + -3 + 3 + 6).
1
What is 10 - 11 - (0 + 4)?
-5
What is 3 + -1 + -2 + 5 + -5?
0
Calculate 5 + -1 + 1 + -6 + 0.
-1
What is the value of -1 + 2 + (-1 + -2 - 2)?
-4
Evaluate 0 - -2 - (-2 + -1) - -1.
6
-2 + (5 - (-3 - 0))
6
Evaluate -4 + 8 + 3 + -3.
4
-26 + 22 - (0 + -5)
1
What is 5 - (1 - -1 - 2 - -1)?
4
What is 6 - 3 - -1 - (4 - -3)?
-3
What is the value of (-1 - -2) + 3 + (-6 - -5)?
3
0 + -7 + (5 - (-2 + 5))
-5
Calculate 5 - (6 - 12 - (-8 - 2)).
1
Evaluate (-1 - 1) + (-6 - (-1 - 9)).
2
What is 0 + 28 + -14 - 10?
4
What is 6 + (4 + -2 - 7)?
1
What is the value of -4 - (-2 + (0 - 1))?
-1
What is -3 + 3 - -1 - (-17 + 15)?
3
6 + (4 + -6 - -1)
5
(-7 - -9 - 0) + 4 + 1
7
What is the value of -2 - (-15 - -8) - (2 - 3)?
6
What is -1 + (-3 - -9) - 2?
3
Calculate 0 + (4 - 2) + -6.
-4
Evaluate (5 + 1 - 4) + -5.
-3
2 - (3 + -2) - 3
-2
(1 + -5 - 8) + 7
-5
Evaluate 2 + 0 + -1 + 1.
2
Evaluate -18 + 16 - (0 + -7).
5
What is the value of -4 + 10 + -17 + 9?
-2
4 + -3 - 2 - (-2 + 4)
-3
(-2 - -4) + 2 + -2
2
Evaluate 2 - (-9 + -9 + 26).
-6
-1 + 2 + -1 + 1
1
Evaluate (-3 - 0) + 1 + 6.
4
What is (-5 - -1) + 3 + 2?
1
Evaluate 2 + 2 + (-3 - 6).
-5
Evaluate (-10 - -8) + -2 - 0.
-4
Calculate 12 - 6 - (6 - 1) - 1.
0
What is 4 + 1 + (3 + -2 - 4)?
2
Calculate -3 - (-4 + 7 + -6).
0
Evaluate -35 + 29 - (-7 + 0).
1
-2 - 5 - (-4 + 2 - 1)
-4
Calculate -3 + -2 + (7 - (9 + -3)).
-4
(-3 - 3) + 6 - -4
4
Calculate 1 - (-4 - -1) - 0.
4
What is the value of 5 - (0 + 0 + -3 + 3)?
5
What is the value of 7 - 4 - (9 + 1 + -3)?
-4
Calculate (2 - -2 - 8) + (6 - -1).
3
What is 3 + -5 - -5 - (0 - 0)?
3
Evaluate 20 + -23 + (-3 - (-3 - 4)).
1
Evaluate -2 - (2 + (-5 - -2)) - -2.
1
-4 + -4 + -3 + (10 - 2)
-3
Evaluate 2 + (23 - 19) + (-2 - 2).
2
What is -1 + (0 - 1) + (5 - 4)?
-1
What is 5 - (0 - -10 - 1)?
-4
Evaluate 15 - ((10 - 0) + -1).
6
Calculate -2 + -1 + 3 + 5.
5
Calculate 6 + -2 - 2 - 0.
2
-1 - ((-12 - -10) + (-1 - -9))
-7
-3 + 6 - (5 + -1)
-1
Calculate 2 + (-1 - 2) + -3 + -3.
-7
What is the value of -10 - -3 - (-5 + 2 + -3)?
-1
What is -12 - (11 - 19) - (-9 + 1)?
4
Calculate -10 + 13 + (-6 - 1).
-4
-2 + (5 + 3 + -4 - 2)
0
-10 - (7 + -12 + -10)
5
Evaluate -1 + (4 - -5) - (7 + -3).
4
Evaluate -1 - (0 + 0 + -4).
3
Calculate 1 + 3 + (-4 - (-6 - -12)).
-6
What is the value of (-2 - (-1 - -1)) + 5 + 0?
3
Evaluate -1 + (3 - (-3 - -8)).
-3
(2 - 4) + (5 - (-8 - -17))
-6
Calculate (4 - 4 - -3) + -5.
-2
Evaluate 1 + (-2 - -3) + -5.
-3
Evaluate (-6 + 12 - 8) + 9.
7
Evaluate 18 - (20 - 12) - 17.
-7
0 + 6 - ((10 - 7) + -2)
5
Calculate -26 + 11 + 12 - -4.
1
Calculate -9 - (0 - (1 + 7)).
-1
Calculate 5 + -1 - (-1 - (5 - 4)).
6
What is the value of 3 - ((5 - 1) + -3)?
2
Calculate 4 - (11 + -7 + -1).
1
Calculate 9 + 11 + (14 - 27).
7
Evaluate 1 - (2 - (0 + 4 + -1)).
2
What is 2 + 1 - (-9 + 12 + 9)?
-9
What is -11 + -6 + 22 + (1 - 3)?
3
Calculate 2 + (-3 - (5 - 1)) - 5.
-10
What is 4 + -9 + 3 - 1?
-3
Evaluate 1 - (4 - 3) - 0.
0
Evaluate -3 - (-6 + (-4 + 6 - -6)).
-5
Evaluate 18 - 6 - (17 + -3).
-2
(0 - 1) + (-6 - -8) - 1
0
What is 2 + -2 + 1 - 3?
-2
-5 + -3 - (-2 + -10)
4
What is 4 - (9 - (-2 - (0 + -4)))?
-3
What is the value of -3 - (-7 + 2 + (-1 - -5))?
-2
Evaluate (10 - 18) + 13 - 12.
-7
-2 - (-4 + (5 - 2) - -2)
-3
0 + -10 + 22 + -8
4
What is the value of 4 + 0 + (-14 - -19)?
9
What is the value of 8 + -4 - (2 - (0 + 0))?
2
What is the value of -3 - ((10 - 10) + -7)?
4
Calculate 10 - -2 - (-63 + 78).
-3
Evaluate (-6 - (-1 - 0)) + 0.
-5
What is 6 - ((-5 - (1 - -2)) + 4)?
10
Evaluate (4 - -1 - 0 - -1) + -1.
5
Evaluate 3 - 2 - (-14 + 30 + -8).
-7
Calculate -1 - -2 - (-16 - -13).
4
Calculate -7 + 10 + 4 - 8.
-1
What is the value of -2 + 0 - (-14 + -5 + 16)?
1
5 - ((0 - 1) + (-11 - -13))
4
(-11 - -5 - -8) + (-1 - -1)
2
What is 26 + -22 + 1 + -3?
2
(2 - 1) + -2 + 11 - 4
6
What is -4 + (0 + 1 + -5 - -8)?
0
What is -5 - (0 - (-3 + 7))?
-1
What is the value of -4 - 12 - -9 - (-1 + 0)?
-6
2 + 2 + 9 + -5
8
Calculate (2 + -1 - 4) + (11 - 8).
0
What is the value of (8 - 7) + -4 + -1?
-4
What is the value of -4 - (-14 - (2 + -10))?
2
Evaluate 6 + (-3 - 0 - -2).
5
What is the value of 2 + 5 + -5 + -3 + -1?
-2
Calculate -1 + (-9 - -4) + 4.
-2
Calculate 1 - ((9 - 3) + -4) - -3.
2
Calculate -6 + -6 + -1 + 7 - -4.
-2
What is -3 + 7 - (1 + 3) - -4?
4
What is the value of 4 - (4 - (2 - 3))?
-1
Calculate -3 + 1 + (-3 - (-1 + -3)).
-1
What is 0 - (0 - 0) - -9?
9
Calculate 4 + 4 + -4 - 8.
-4
Calculate -2 + 1 + 2 + -3 + -2.
-4
Evaluate (13 - (12 + -9)) + -15.
-5
What is the value of 4 + 0 - (-11 + 10)?
5
-4 + (-1 - -6) + 3 + -1
3
Calculate -4 - 1 - 0 - -7.
2
Calculate 0 + (7 - 15 - -11).
3
What is the value of -4 + 7 + -8 + 6?
1
Calculate -2 + (-2 - (2 + -4)).
-2
Evaluate 5 - (6 - -3 - 10).
6
Evaluate (-3 - (3 + (-4 - -1))) + -2.
-5
3 - (5 + -3 + 0)
1
What is the value of (14 - 23 - -16) + 4?
11
Evaluate 32 + -28 + -4 + -1.
-1
-1 + (-3 - (-5 - -4)) + 4
1
(-2 - (0 - -1)) + 38 + -34
1
(-1 - -6 - 18) + 7
-6
What is the value of 3 + (3 - (4 + -3))?
5
What is -2 + (0 - -3) - (3 - 8)?
6
What is the value of 1 + 0 - (1 - (3 - 3))?
0
What is the value of 5 + (-6 - -5) + (-4 - 0)?
0
4 - ((-2 - 2) + (0 - -5))
3
What is the value of -4 - (2 - (1 - -1))?
-4
What is 6 + 8 + 0 + -9?
5
What is 7 + -4 + 4 + -6?
1
Calculate -3 + (6 - (7 + 2)) - -12.
6
What is (6 - -8 - 5) + -4?
5
Calculate (28 - 22) + -6 + -2.
-2
Calculate 3 + (5 - (17 - 5)) + 8.
4
Calculate (-2 - (-15 - -10)) + 1 + -2.
2
Evaluate 3 + (1 + -5 - (-3 - -2)).
0
Calculate -2 + 2 + -1 - (-54 - -48).
5
What is the value of 17 - 12 - (2 - -1)?
2
What is 3 + -6 - -2 - -5?
4
What is -1 + (2 - -4 - -5 - 5)?
5
(4 - 4 - -10) + -7
3
Calculate 1 + 6 + 0 + (-7 - -1).
1
Evaluate 14 + (-24 - 2) + 15.
3
Evaluate (0 - 4) + (7 - 2).
1
Evaluate -12 + 9 + 3 - (0 - -1).
-1
(13 + -4 - 3) + -2
4
Evaluate 0 - (-9 - (2 + -6)).
5
0 + -3 + 4 + 3
4
Calculate 6 - (0 - -4) - (0 - -2).
0
-2 - (-17 + 8 - -6 - -7)
-6
What is (4 - (2 - -2)) + -3?
-3
What is 4 + (-4 + -4 - -5 - -4)?
5
What is (14 - 11) + 6 + -4?
5
Calculate (25 - 20) + (0 - -3 - 3).
5
What is the value of 5 + (-2 - (-7 - -21 - 6))?
-5
Calculate -1 - (-6 + 5) - 4.
-4
6 + 0 + (4 - 7) + 0
3
(-20 - (12 - 13)) + 12
-7
What is 1 + 4 - (-1 - -5)?
1
-4 - 2 - (-12 + 4) - 5
-3
What is (-7 - -11) + -2 + 0?
2
1 - -3 - (-4 - -7)
1
Calculate (-2 - 0) + (-5 - -3) - -1.
-3
1 + (-9 - -2) - -6
0
Calculate (8 - (16 + 1)) + 7.
-2
What is the value of 1 - (6 + (-2 - -2))?
-5
(-7 - -3) + 8 + 0
4
What is 2 - 6 - (5 - (6 - 2))?
-5
Evaluate -8 + 1 + (9 - 7).
-5
Evaluate (7 - 1) + -2 + -1.
3
1 +